) is divided by o(-13)?
9
Let k = 62 + -16. Suppose 6*w - k = 2. Calculate the remainder when -2 + 0 + 23 + 1 is divided by w.
6
Let t be (-46)/3 - 12/18. Let m = -13 - t. Suppose -4 = g - 2*g, 5*y + m*g - 357 = 0. Calculate the remainder when y is divided by 24.
21
Calculate the remainder when -54*((-22)/6 - (-5 - -2)) is divided by 12.
0
Calculate the remainder when 122 is divided by (-1)/(-4)*1 - (-355)/20.
14
Suppose 57 = 3*z + 3*v, -3*z = -z + 5*v - 47. Suppose -6*h = -2*h + 4*w - 96, 4*w = z. What is the remainder when h is divided by (7/(-4))/((-3)/12)?
6
Let o(w) = -3*w**2 + 10*w + 28. Let q(c) = -16*c**2 + 50*c + 139. Let n(b) = -11*o(b) + 2*q(b). What is the remainder when 103 is divided by n(14)?
25
Let q = -334 + 336. Calculate the remainder when q is divided by 2.
0
Suppose -2*o = 3*o - 2*u - 770, -u + 462 = 3*o. Calculate the remainder when o is divided by 81.
73
Suppose l - 69 + 1023 = 2*r, -l - 1432 = -3*r. Calculate the remainder when r is divided by 8.
6
Suppose -3855 + 1325 = -55*c. Calculate the remainder when 48 is divided by c.
2
Suppose -7*j + 9*j = 12. Let u(b) = -3*b + 4 + j*b - b. Calculate the remainder when u(5) is divided by 3.
2
Let p(q) = -q**3 + 13*q**2 - 2*q - 5. Let g be p(13). Let c = g - -34. Let v(m) = -m**2 + 5*m - 1. Calculate the remainder when v(2) is divided by c.
2
Suppose -36 + 7 = -o. Let z = -1978 + 2056. Calculate the remainder when z is divided by o.
20
Suppose -1 = -18*j + 1943. What is the remainder when j is divided by 60?
48
Let g = 64 + 0. Suppose g + 57 = x. What is the remainder when x is divided by 41?
39
Let w = -13 + 16. Suppose -21 = -w*s + 27. What is the remainder when 78 is divided by s?
14
Let u = -5 + 37. Let x = 18 + u. Suppose 0 = -16*q + 339 + 77. What is the remainder when x is divided by q?
24
What is the remainder when 152 is divided by (85 - -3)*(-3)/(-12)?
20
Let s(z) = z**2 - 24*z + 84. Let l be s(20). Calculate the remainder when (l + -1)/(-1) + 18 is divided by 4.
3
Let x = 31 - 5. Let g = 361 + -313. What is the remainder when g is divided by x?
22
Let c(y) = -4*y + 1. Suppose 608 = 5*w - 4*l, -4*l = -5*w + 3*l + 599. What is the remainder when w is divided by c(-5)?
19
Let v = -1 - -15. Calculate the remainder when 54 is divided by 288/21 - (-4)/v.
12
Let t(l) = 2*l**2 + 3*l - 48. What is the remainder when t(8) is divided by 12?
8
Let c be (-4)/3*(4 - -2). Let d = 1 - c. Suppose 0 = -2*o - 19 + 87. What is the remainder when o is divided by d?
7
Let n(m) = -m**2 - 7*m + 19. Let i(b) = -b + 36. Calculate the remainder when i(0) is divided by n(-7).
17
Let k = -830 - -1046. Calculate the remainder when k is divided by 23.
9
Suppose 0 = -0*c + 4*c - 40. Suppose -j - 4*i - c = 0, -3*i = 3*j - 0*i - 6. Suppose -117 - 27 = -j*v. Calculate the remainder when 94 is divided by v.
22
Suppose -4*h + 84 = -0*h. What is the remainder when 275/(-11)*4/(2 + -3) is divided by h?
16
Suppose 0 = -4*q + 3*n + 2, 0 = 5*q - 2*n - 0*n - 6. Suppose -240 = -4*z + z. Suppose 2*t + q*t = z. Calculate the remainder when t is divided by 7.
6
Suppose -3*a + 13 = 34. Let w = -14 - a. Let m(g) = -6*g + 9. What is the remainder when m(w) is divided by 9?
6
Calculate the remainder when (88 - 7) + (-12)/(-2) is divided by 22.
21
Suppose -2*z - 12236 = -78*z. Calculate the remainder when z is divided by 3.
2
Suppose 0 = 4*h + 2*y - 1 - 1, -5*h - 17 = -4*y. Calculate the remainder when 29 is divided by (h - 2) + 7 + 1.
4
Calculate the remainder when ((-3)/(-2))/(6*(-5)/(-500)) is divided by (-2)/6 + 245/15.
9
Let o(s) = 159*s**2 + 5*s + 4. Let z be o(-1). Suppose m = -3*p + z, -4*m = 4*p - 0*m - 200. Calculate the remainder when p is divided by 14.
12
Let f = -648 + 698. What is the remainder when 148 is divided by f?
48
Let d = -21 + 37. Calculate the remainder when 22/(-33)*(-51 + 0) is divided by (24/d)/(1/6).
7
Let k(y) = y**2 + 6. Let c be k(9). Suppose 33 + c = 5*u. Calculate the remainder when 152/6*u/16 is divided by 10.
8
Let i(v) = 2*v + 19. Let j be i(-12). What is the remainder when 22 is divided by 340/(-25)*-1 - 2/j?
8
Let h = 1124 + -1026. Calculate the remainder when h is divided by 12.
2
Let k = -213 + 252. What is the remainder when k is divided by 18?
3
Suppose -41*h = -554 - 266. Calculate the remainder when h is divided by 3.
2
Let j be (-82)/(-4)*(-3 - -1). Let s = j + 131. What is the remainder when s is divided by 47?
43
Let a = 8 + 36. Let w be 3/((-85)/a + 2). Suppose 0 = 4*z + b - 65, -z = 2*z - 4*b - w. Calculate the remainder when 29 is divided by z.
13
Let m(h) = 9*h**3 - h**2 - 2*h + 3. What is the remainder when 226 is divided by m(2)?
25
Let u = 223 + -154. What is the remainder when 264 is divided by u?
57
What is the remainder when 102 is divided by -4 - (-119)/7 - 5?
6
Suppose 2*s - 21 - 65 = 0. Calculate the remainder when s is divided by (3 + 0)/((-5)/((-440)/24)).
10
Let r be -6 - 544/13 - 4/26. Let f = 104 + r. Calculate the remainder when f is divided by 29.
27
Let c(j) = -4*j - 2. Let w be (-120)/50 + (-4)/(-10). Calculate the remainder when c(w) is divided by 3.
0
Let k be ((-34)/2 + -1)/(-1). Let b be (-30)/(-4)*(-16 + k). Suppose -q - 4*i + 0*i = 12, -b = 3*i. Calculate the remainder when 30 is divided by q.
6
Let k(j) = 4*j + 40. Let x be k(0). Let u = x - 20. Suppose 5*a = -0*a + 30. Calculate the remainder when u is divided by a.
2
Let x(l) = l**2 + 6*l + 1. What is the remainder when x(-12) is divided by ((-50)/8)/(2/(-8))?
23
Let x = 193 - 186. What is the remainder when 258 is divided by x?
6
Suppose 4*b = -5*t + 24, -5*t + 4*t - b + 5 = 0. Suppose 3*n = 2*v - 68, 0 = -2*v - 3*n - n + 54. Calculate the remainder when v is divided by 21 - t - 3/3.
15
Let p = 1414 - 1361. What is the remainder when p is divided by 9?
8
Let f(c) = -7*c - 21. Let p be f(-10). Suppose -3*a - 19 = -p. What is the remainder when 99 is divided by a?
9
Suppose -n + 13 = 3*k, -5*k + 10*n = 5*n + 5. Suppose -v + 7 = -2. Calculate the remainder when v is divided by k.
0
Let m = -5 + 7. Suppose z = -4*l - 25 - 0, -2*z = -5*l + 37. Calculate the remainder when ((-4)/3)/(m/z) is divided by 5.
4
Suppose -16*j + 392 = -14*j. Calculate the remainder when j is divided by 50.
46
Suppose 0 = -r - 32*r + 1452. What is the remainder when r is divided by 17?
10
Suppose 4*u - 318 = -2*u. Let i = 5 + u. Calculate the remainder when i is divided by 12.
10
Suppose 21*z - 25*z = -160. Calculate the remainder when z is divided by 19.
2
What is the remainder when 21 is divided by 432/104 + (-2)/13?
1
Suppose 88*y + 3102 = 99*y. Calculate the remainder when y is divided by 11.
7
Let y = 826 + -696. Calculate the remainder when y is divided by 11.
9
Let v(x) = 2 - 45*x - 2 - 1 - 1. Let g be v(5). What is the remainder when (-2)/9 - g/9 is divided by 13?
12
Let f(g) = 3*g**2 - 2*g + 3. Let t = 8 + -6. Let r be f(t). Let u(j) = -j**2 + 11*j + 4. Calculate the remainder when u(r) is divided by 3.
1
Let m be (-7)/(42/(-12)) + -2. Suppose y + 16*y - 5746 = m. Calculate the remainder when y is divided by 34.
32
Let p(d) = d**2 + 2*d + 1. Let u(k) = k - 1. Let o(n) = n**2 + 6*n + 9. Let w(v) = -o(v) - 6*u(v). Calculate the remainder when w(-6) is divided by p(2).
6
Suppose -80 = -2*l + 4*g, -8*g + 15 = l - 5*g. Calculate the remainder when 102 is divided by l.
12
Suppose -5*w - 5*d + 124 = -36, 0 = 3*w + 4*d - 97. Calculate the remainder when w is divided by 18.
13
Suppose x = 28*x - 1323. Calculate the remainder when 141 is divided by x.
43
Let h(p) = -p**3 - 4*p**2 - 3*p + 3. Suppose 20 = -2*u - 3*u. Suppose 436 = -36*r + 2452. Calculate the remainder when r is divided by h(u).
11
Let s(y) = 3*y**2 - 12*y + 3. Let v be s(4). Suppose 74 = -v*q + 4*q. Let o(f) = 3*f**2 - 2. Calculate the remainder when q is divided by o(-3).
24
Let l be 1*(-2 - (0 + -2)). Suppose 3*y = 4*g - 0*y - 26, 16 = 2*g - 3*y. Suppose 0*t + g*t - 15 = l. Calculate the remainder when 5 is divided by t.
2
Let f be 20/15*(0 + 3)/1. Suppose 2*c + 4 = 0, f*o - c = o + 8. Calculate the remainder when 5 is divided by o.
1
Suppose -4*o + 164 = o + 2*w, -19 = -o - 5*w. Calculate the remainder when o is divided by 18.
16
Let q(l) = l**3 - 22*l**2 + 17*l + 174. Let x(f) = -f**3 + 7*f**2 - 5*f + 2. Calculate the remainder when q(21) is divid